489 a composite number?
True
Is 691 a composite number?
False
Is 11233 a composite number?
True
Is 2743 a prime number?
False
Is 89405 prime?
False
Is 702483 prime?
False
Is 3020533 a prime number?
True
Is 1843 prime?
False
Is 21849 a composite number?
True
Is 15727 composite?
False
Is 742703 prime?
False
Is 21427 a composite number?
True
Is 12991 a prime number?
False
Is 18635 a prime number?
False
Is 121879 prime?
False
Is 311813 a prime number?
False
Is 1937 prime?
False
Is 47113 a composite number?
True
Is 2459 prime?
True
Is 23451 a composite number?
True
Is 13217 a prime number?
True
Is 181361 composite?
False
Is 14299 prime?
False
Is 21178 prime?
False
Is 735937 a composite number?
False
Is 7093 a prime number?
False
Is 7751 composite?
True
Is 41917 composite?
True
Is 553 a prime number?
False
Is 46259 a composite number?
True
Is 11797 a composite number?
True
Is 19181 prime?
True
Is 773207 prime?
True
Is 673 composite?
False
Is 11159 composite?
False
Is 34483 a prime number?
True
Is 9127 prime?
True
Is 90863 a composite number?
False
Is 186203 a composite number?
True
Is 13033 composite?
False
Is 1045871 a composite number?
True
Is 6769 a prime number?
False
Is 28643 a prime number?
True
Is 335791 a composite number?
True
Is 88933 a prime number?
False
Is 22757 a prime number?
False
Is 15581 a prime number?
True
Is 14293 a prime number?
True
Is 5638 prime?
False
Is 356387 a composite number?
False
Is 15071 a composite number?
True
Is 3261 a composite number?
True
Is 2729 a prime number?
True
Is 4709 a prime number?
False
Is 26615 a composite number?
True
Is 17657 prime?
True
Is 111721 composite?
False
Is 9489 composite?
True
Is 26167 composite?
True
Is 20183 a prime number?
True
Is 30647 prime?
False
Is 86923 a prime number?
True
Is 22189 a prime number?
True
Is 2503 a composite number?
False
Is 284079 composite?
True
Is 92423 a composite number?
True
Is 377 a composite number?
True
Is 5045179 composite?
True
Is 30803 composite?
False
Is 377513 a composite number?
False
Is 5065 composite?
True
Is 458363 a composite number?
False
Is 107161 a prime number?
False
Is 5207 composite?
True
Is 1594207 a composite number?
False
Is 458905 a prime number?
False
Is 18113 composite?
True
Is 955 a prime number?
False
Is 4038301 composite?
False
Is 64687 composite?
True
Is 3989 a composite number?
False
Is 141397 composite?
False
Is 457955 a composite number?
True
Is 258179 prime?
False
Is 2927 a composite number?
False
Is 1538 prime?
False
Is 5077 composite?
False
Is 28603 prime?
True
Is 13499 a prime number?
True
Is 2302 a composite number?
True
Is 7207 a prime number?
True
Is 14189 a prime number?
False
Is 211913 composite?
True
Is 461843 prime?
True
Is 4783 prime?
True
Is 7453 a prime number?
False
Is 371737 a prime number?
True
Is 26981 composite?
False
Is 194521 a prime number?
True
Is 562081 composite?
True
Is 1537337 prime?
True
Is 121 a composite number?
True
Is 24317 a composite number?
False
Is 1412797 prime?
True
Is 1619399 composite?
True
Is 581029 composite?
False
Is 6329 a prime number?
True
Is 2135707 a composite number?
True
Is 1685759 a prime number?
True
Is 16213 a prime number?
False
Is 56063 a composite number?
True
Is 186689 prime?
True
Is 32061 a prime number?
False
Is 10663 prime?
True
Is 57221 a composite number?
False
Is 21737 a prime number?
True
Is 25337 a composite number?
True
Is 26507 a composite number?
True
Is 2312005 a composite number?
True
Is 25945 prime?
False
Is 2224919 a composite number?
True
Is 1973 a prime number?
True
Is 5686063 prime?
True
Is 356023 prime?
True
Is 1083979 a composite number?
True
Is 32869 a composite number?
False
Is 51083 prime?
False
Is 448763 a composite number?
True
Is 511669 a composite number?
False
Is 1037701 a prime number?
False
Is 4506431 a composite number?
True
Is 53135 prime?
False
Is 80777 composite?
False
Is 18899 a prime number?
True
Is 45941 a prime number?
False
Is 73217 prime?
False
Is 289495 prime?
False
Is 33251 a composite number?
True
Is 28387 a prime number?
True
Is 23761 composite?
False
Is 397 a prime number?
True
Is 7901 a composite number?
False
Is 18947 a composite number?
False
Is 587 a composite number?
False
Is 241771 prime?
True
Is 102274 composite?
True
Is 707807 prime?
False
Is 383197 prime?
False
Is 308131 prime?
False
Is 4033 prime?
False
Is 27137 prime?
False
Is 6959 a prime number?
True
Is 3265 composite?
True
Is 247061 prime?
False
Is 1376743 a prime number?
False
Is 11983 a composite number?
True
Is 39047 a prime number?
True
Is 53969 a prime number?
False
Is 484951 a prime number?
True
Is 53671 a prime number?
False
Is 44071 a prime number?
True
Is 6801 composite?
True
Is 217 prime?
False
Is 9299 composite?
True
Is 7831 prime?
False
Is 55799 prime?
True
Is 9413 composite?
False
Is 35907 composite?
True
Is 154409 composite?
False
Is 16669 a prime number?
False
Is 2392957 composite?
True
Is 51361 a prime number?
True
Is 4391 composite?
False
Is 373001 prime?
False
Is 2231 a composite number?
True
Is 77839 composite?
False
Is 51733 composite?
True
Is 86969 a prime number?
True
Is 653309 composite?
True
Is 1543 a prime number?
True
Is 7331 a prime number?
True
Is 69307 a composite number?
True
Is 23741 a prime number?
True
Is 2251 prime?
True
Is 1430171 a prime number?
False
Is 43437 composite?
True
Is 5854 a composite number?
True
Is 788559 a prime number?
False
Is 1891907 prime?
True
Is 4889 composite?
False
Is 4663 prime?
True
Is 13063 a prime number?
True
Is 7061 a prime number?
False
Is 4391 composite?
False
Is 3943 a prime number?
True
Is 21929 a prime number?
True
Is 80363 a composite number?
False
Is 122069 a prime number?
True
Is 10063 a composite number?
True
Is 35221 a prime number?
True
Is 99537 prime?
False
Is 42233 prime?
False
Is 158743 composite?
True
Is 8563 a prime number?
True
Is 7699 a composite number?
False
Is 75079 a prime number?
True
Is 28463 composite?
False
Is 110681 prime?
True
Is 1664665 composite?
True
Is 32343 a prime number?
False
Is 242981 composite?
True
Is 801499 composite?
True
Is 10383 composite?
True
Is 1261199 composite?
False
Is 21731 a prime number?
False
Is 1197571 composite?
False
Is 44359 a composite number?
True
Is 11351 a composite number?
False
Is 4265 a prime number?
False
Is 6629 a prime number?
False
Is 36291 a composite number?
True
Is 329011 a prime number?
False
Is 3106 a prime number?
False
Is 10559 composite?
False
Is 14173 prime?
True
Is 2567 prime?
False
Is 4487 a prime number?
False
Is 250307 prime?
True
Is 94291 prime?
True
Is 213247 a composite number?
False
Is 34631 prime?
True
Is 36871 prime?
True
Is 1291 prime?
True
Is 2075779 composite?
False
Is 41671 composite?
True
Is 121967 a prime number?
True
Is 315829 prime?
True
Is 29381 a prime number?
False
Is 2950889 a prime number?
True
Is 26279 composite?
True
Is 868081 composite?
False
Is 44009 a prime number?
False
Is 101615 prime?
False
Is 951841 a composite number?
True
Is 150387 a composite number?
True
Is 2669801 composite?
False
Is 3269 prime?
False
Is 35911 a prime number?
True
Is 20285 composite?
True
Is 46439 composite?
False
Is 4201 composite?
False
Is 11197 a composite number?
False
Is 200513 a composite number?
False
Is 40459 prime?
True
Is 368783 prime?
True
Is 9233 prime?
False
Is 99923 composite?
False
Is 42821 a composite number?
False
Is 246373 composite?
True
Is 11413 prime?
False
Is 2767 prime?
True
Is 7781 prime?
False
Is 141179 a composite number?
False
Is 392487 prime?
False
Is 121883 a composite number?
False
Is 5381 prime?
True
Is 422 a composite number?
True
Is 6161 a composite number?
True
Is 15859 a prime number?
True
Is 1451 a composite number?
False
Is 31307 prime?
True
Is 1808573 a composite number?
True
Is 47191 a composite number?
True
Is 15 a composite number?
True
Is 51739 prime?
False
Is 4049 a prime number?
True
Is 3011 composite?
False
Is 154853 a prime number?
False
Is 161869 a prime number?
True
Is 20486 prime?
False
Is 36293 a prime number?
True
Is 122833 a prime number?
True
Is 71983 prime?
True
Is 1066397 a prime number?
False
Is 600617 prime?
False
Is 5981 prime?
True
Is 236353 a prime number?
False
Is 255061 composite?
True
Is 7355 composite?
True
Is 2078 a prime number?
False
Is 4007 a prime nu